{"id":30,"date":"2025-02-11T17:02:38","date_gmt":"2025-02-11T16:02:38","guid":{"rendered":"https:\/\/websites.fraunhofer.de\/genai4ffd\/?page_id=30"},"modified":"2025-05-27T10:48:14","modified_gmt":"2025-05-27T08:48:14","slug":"impressum","status":"publish","type":"page","link":"https:\/\/genai4ffd.de\/?page_id=30","title":{"rendered":""},"content":{"rendered":"\t\t<div data-elementor-type=\"wp-page\" data-elementor-id=\"30\" class=\"elementor elementor-30\" data-elementor-post-type=\"page\">\n\t\t\t\t<div class=\"elementor-element elementor-element-25603b5d e-flex e-con-boxed e-con e-parent\" data-id=\"25603b5d\" data-element_type=\"container\" data-e-type=\"container\">\n\t\t\t\t\t<div class=\"e-con-inner\">\n\t\t\t\t<div class=\"elementor-element elementor-element-3d8c142 elementor-widget elementor-widget-text-editor\" data-id=\"3d8c142\" data-element_type=\"widget\" data-e-type=\"widget\" data-widget_type=\"text-editor.default\">\n\t\t\t\t<div class=\"elementor-widget-container\">\n\t\t\t\t\t\t\t\t\t<p><a href=\"https:\/\/genai4ffd.de\/\">&lt; Zur\u00fcck<\/a><\/p>\t\t\t\t\t\t\t\t<\/div>\n\t\t\t\t<\/div>\n\t\t\t\t<div class=\"elementor-element elementor-element-76dffbd7 elementor-widget elementor-widget-text-editor\" data-id=\"76dffbd7\" data-element_type=\"widget\" data-e-type=\"widget\" data-widget_type=\"text-editor.default\">\n\t\t\t\t<div class=\"elementor-widget-container\">\n\t\t\t\t\t\t\t\t\t<div><span style=\"font-size: var(--wp--preset--font-size--x-large); color: var( --e-global-color-text );\">Impressum<\/span><\/div>\n<p><!-- \/wp:paragraph --><!-- wp:paragraph --><\/p>\n<p style=\"text-align: left;\">Das Fraunhofer-Institut f\u00fcr Fabrikbetrieb und -automatisierung IFF<\/p>\n<p><!-- \/wp:paragraph --><!-- wp:paragraph --><\/p>\n<p>Sandtorstra\u00dfe 22<br \/>39106 Magdeburg, Deutschland<\/p>\n<p><!-- \/wp:paragraph --><!-- wp:paragraph --><\/p>\n<p>ist eine rechtlich nicht selbstst\u00e4ndige Einrichtung der<\/p>\n<p><!-- \/wp:paragraph --><!-- wp:paragraph --><\/p>\n<p>Fraunhofer-Gesellschaft\u00a0zur F\u00f6rderung der angewandten Forschung e.V.<br \/>Hansastra\u00dfe 27c,\u00a080686 M\u00fcnchen<br \/>Telefon +49 89 1205- 0<br \/>Fax +49 89 1205-7531<br \/>E-Mail: info(at)zv.fraunhofer.de<\/p>\n<p><!-- \/wp:paragraph --><!-- wp:paragraph --><\/p>\n<p><a href=\"https:\/\/www.fraunhofer.de\/\">www.fraunhofer.de<\/a><\/p>\n<p><!-- \/wp:paragraph --><!-- wp:heading --><\/p>\n<h2>Umsatzsteuer-Identifikationsnummer gem\u00e4\u00df \u00a7 27a Umsatzsteuergesetz<\/h2>\n<p><!-- \/wp:heading --><!-- wp:paragraph --><\/p>\n<p>DE 129515865<\/p>\n<p><!-- \/wp:paragraph --><!-- wp:heading --><\/p>\n<h2>Registergericht<\/h2>\n<p><!-- \/wp:heading --><!-- wp:paragraph --><\/p>\n<p>Amtsgericht M\u00fcnchen<br \/>Eingetragener Verein<br \/>Register-Nr. VR 4461<\/p>\n<p><!-- \/wp:paragraph --><!-- wp:heading --><\/p>\n<h2>Redaktionsverantwortlich im Sinne des Presserechts<\/h2>\n<p><!-- \/wp:heading --><!-- wp:paragraph --><\/p>\n<p>Tino Nagelm\u00fcller<br \/>tino.nagelmueller(at)iff.fraunhofer.de<\/p>\n<p><!-- \/wp:paragraph --><!-- wp:heading --><\/p>\n<h2>Vorstand<\/h2>\n<p><!-- \/wp:heading --><!-- wp:paragraph --><\/p>\n<p><strong>Prof. Dr.-Ing. Holger Hanselka<\/strong> | Pr\u00e4sident | Vorstandsressort Unternehmensstrategie und -kommunikation<br \/><strong>Prof. Dr. Constantin H\u00e4fner<\/strong>\u00a0| Vorstandsressort VA Forschung und Transfer<br \/><strong style=\"background-color: rgba(119, 20, 20, 0);\">Prof. Dr. Axel M\u00fcller-Groeling<\/strong><span style=\"background-color: rgba(119, 20, 20, 0);\">\u00a0|\u00a0<\/span>Vorstandsressort VB Forschungsinfrastrukturen und Digitalisierung<span style=\"background-color: rgba(119, 20, 20, 0);\"><br \/><\/span><strong style=\"background-color: rgba(119, 20, 20, 0);\">Ass. jur. Elisabeth Ewen<\/strong><span style=\"background-color: rgba(119, 20, 20, 0);\">\u00a0|\u00a0<\/span>Vorstandsressort VC Personal, Unternehmenskultur und Recht<span style=\"background-color: rgba(119, 20, 20, 0);\"><br \/><\/span><strong style=\"background-color: rgba(119, 20, 20, 0);\">Dr. Sandra Krey<\/strong><span style=\"background-color: rgba(119, 20, 20, 0);\">\u00a0|\u00a0<\/span><span style=\"background-color: rgba(119, 20, 20, 0);\">Vorstandsressort VD Finanzen und Controlling<\/span><\/p>\n<p><!-- \/wp:paragraph --><!-- wp:heading --><\/p>\n<p>\u00a0<\/p>\n<p><!-- \/wp:paragraph --><\/p>\t\t\t\t\t\t\t\t<\/div>\n\t\t\t\t<\/div>\n\t\t\t\t\t<\/div>\n\t\t\t\t<\/div>\n\t\t<div class=\"elementor-element elementor-element-b5ea4fb e-flex e-con-boxed e-con e-parent\" data-id=\"b5ea4fb\" data-element_type=\"container\" data-e-type=\"container\">\n\t\t\t\t\t<div class=\"e-con-inner\">\n\t\t\t\t<div class=\"elementor-element elementor-element-2bd991f elementor-widget elementor-widget-text-editor\" data-id=\"2bd991f\" data-element_type=\"widget\" data-e-type=\"widget\" data-widget_type=\"text-editor.default\">\n\t\t\t\t<div class=\"elementor-widget-container\">\n\t\t\t\t\t\t\t\t\t<h2>Projektkonsortium<\/h2>\t\t\t\t\t\t\t\t<\/div>\n\t\t\t\t<\/div>\n\t\t\t\t<div class=\"elementor-element elementor-element-ed318fe elementor-widget elementor-widget-text-editor\" data-id=\"ed318fe\" data-element_type=\"widget\" data-e-type=\"widget\" data-widget_type=\"text-editor.default\">\n\t\t\t\t<div class=\"elementor-widget-container\">\n\t\t\t\t\t\t\t\t\t<h4>Ingenics AG<\/h4>\n<div>\n<div>Headquarters<\/div>\n<div>Schillerstra\u00dfe 1\/15<\/div>\n<div>89077 Ulm, Germany<\/div>\n<div>Telefon +49 731 93680 0<\/div>\n<div>Telefax +49 731 93680 30<\/div>\n<div>\u00a0<\/div>\n<div>contact(at)ingenics.com<\/div>\n<div>www.ingenics.com<\/div>\n<div>\u00a0<\/div>\n<div>Managing Board<\/div>\n<div>Prof. Oliver Herkommer, Andreas Hoberg, Manfred Loistl<\/div>\n<div>Aufsichtsratsvorsitzender: Dr. Andreas Wendt<\/div>\n<div>\u00a0<\/div>\n<div>Handelsregister-Nr.: HRB 4323, AG Ulm<\/div>\n<div>St.-Nr.: 88002\/75909<\/div>\n<div>USt-IdNr.: DE130848812<\/div>\n<\/div>\t\t\t\t\t\t\t\t<\/div>\n\t\t\t\t<\/div>\n\t\t\t\t<div class=\"elementor-element elementor-element-fc30db7 elementor-widget elementor-widget-text-editor\" data-id=\"fc30db7\" data-element_type=\"widget\" data-e-type=\"widget\" data-widget_type=\"text-editor.default\">\n\t\t\t\t<div class=\"elementor-widget-container\">\n\t\t\t\t\t\t\t\t\t<h4>IPK &#8211; Ingenieursplanungs- und Komplexbaugesellschaft mbH<\/h4>\n<div>\n<p>Fasanenstra\u00dfe 1a 39114 Magdeburg<\/p>\n<p>Umsatzsteuer-Identifikationsnummer gem\u00e4\u00df \u00a727 Umsatzsteuergesetz: St.-Nr. DE158852694 beim Amtsgericht Magdeburg, HRB 4906<\/p>\n<p>info(at)ipk-magdeburg.de<\/p>\n<\/div>\t\t\t\t\t\t\t\t<\/div>\n\t\t\t\t<\/div>\n\t\t\t\t<div class=\"elementor-element elementor-element-97c93c3 elementor-widget elementor-widget-text-editor\" data-id=\"97c93c3\" data-element_type=\"widget\" data-e-type=\"widget\" data-widget_type=\"text-editor.default\">\n\t\t\t\t<div class=\"elementor-widget-container\">\n\t\t\t\t\t\t\t\t\t<h4><span style=\"color: var( --e-global-color-text ); font-family: var( --e-global-typography-text-font-family ), Sans-serif; font-weight: var( --e-global-typography-text-font-weight ); text-align: var(--text-align);\">METOP GmbH<\/span><\/h4>\n<div>\n<p>An-Institut der Otto-von-Guericke-Universit\u00e4t Magdeburg<br \/>Sandtorstra\u00dfe 23<br \/>39106 Magdeburg<\/p>\n<p>Gesch\u00e4ftsf\u00fchrer: Prof. Dr. Thomas Leich<br \/>Prokurist: Stephan Dassow<br \/>Registergericht: Amtsgericht Stendal<br \/>Registernummer: HRB 108738<br \/>Umsatzsteuer ID: DE 175375606<\/p>\n<p>Telefon: +49 391 544 86 250<br \/>Telefax: +49 391 544 86 259<br \/>E-mail: info(at)metop.de<\/p>\n<\/div>\t\t\t\t\t\t\t\t<\/div>\n\t\t\t\t<\/div>\n\t\t\t\t<div class=\"elementor-element elementor-element-8e0ff90 elementor-widget elementor-widget-text-editor\" data-id=\"8e0ff90\" data-element_type=\"widget\" data-e-type=\"widget\" data-widget_type=\"text-editor.default\">\n\t\t\t\t<div class=\"elementor-widget-container\">\n\t\t\t\t\t\t\t\t\t<h4><span style=\"color: var( --e-global-color-text ); font-family: var( --e-global-typography-text-font-family ), Sans-serif; font-weight: var( --e-global-typography-text-font-weight ); text-align: var(--text-align);\">Otto-von-Guericke-Universit\u00e4t Magdeburg<\/span><\/h4>\n<p><span style=\"color: var( --e-global-color-text ); font-family: var( --e-global-typography-text-font-family ), Sans-serif; font-weight: var( --e-global-typography-text-font-weight ); text-align: var(--text-align); font-size: var(--wp--preset--font-size--medium);\">Die Otto-von-Guericke-Universit\u00e4t Magdeburg ist eine K\u00f6rperschaft des \u00f6ffentlichen Rechts.<\/span><\/p>\n<div>\n<p>Universit\u00e4tsplatz 2<br \/>39106 Magdeburg<br \/>Telefon: +49 391 67-01 (Telefonzentrale)<\/p>\n<p>Sie wird vertreten durch den Rektor: Prof. Dr.-Ing. Jens Strackeljan<\/p>\n<p>Zust\u00e4ndige Aufsichtsbeh\u00f6rde:<br \/>Ministerium f\u00fcr Wissenschaft, Energie, Klimaschutz und Umwelt des Landes Sachsen-Anhalt<br \/>Leipziger Stra\u00dfe 58<br \/>39112 Magdeburg<br \/>E-Mail: poststelle(at)mwu.sachsen-anhalt.de<br \/>www.mwu.sachsen-anhalt.de<\/p>\n<p>Umsatzsteueridentifikationsnummer:<br \/>DE 139 238 413<\/p>\n<\/div>\t\t\t\t\t\t\t\t<\/div>\n\t\t\t\t<\/div>\n\t\t\t\t<div class=\"elementor-element elementor-element-40216b6 elementor-widget elementor-widget-text-editor\" data-id=\"40216b6\" data-element_type=\"widget\" data-e-type=\"widget\" data-widget_type=\"text-editor.default\">\n\t\t\t\t<div class=\"elementor-widget-container\">\n\t\t\t\t\t\t\t\t\t<h4><span style=\"color: var( --e-global-color-text ); font-family: var( --e-global-typography-text-font-family ), Sans-serif; font-weight: var( --e-global-typography-text-font-weight ); text-align: var(--text-align);\">Schaeffler Technologies AG &amp; Co. KG<\/span><\/h4>\n<div>\n<p>Industriestra\u00dfe 1-3<br \/>91074 Herzogenaurach<br \/>Deutschland<\/p>\n<p>Telefon: +49 9132 82-0<br \/>Fax: +49 9132 82-49 50<\/p>\n<p>E-Mail: info.de(at)schaeffler.com<\/p>\n<p>Sitz: Herzogenaurach<br \/>Registergericht: Amtsgericht F\u00fcrth HRA 10129<br \/>Umsatzsteuer-Identifikationsnummer: DE 291 636 029<\/p>\n<p>Pers\u00f6nlich haftende Gesellschafterin: Schaeffler AG<br \/>Sitz: Herzogenaurach<br \/>Registergericht: Amtsgericht F\u00fcrth, HRB 14738<\/p>\n<p>Vorstand: Klaus Rosenfeld (Vors.), Claus Bauer, Dr. Astrid Fontaine, Andreas Schick, Jens Sch\u00fcler, Thomas Stierle, Uwe Wagner, Sascha Zaps, Matthias Zink<\/p>\n<\/div>\t\t\t\t\t\t\t\t<\/div>\n\t\t\t\t<\/div>\n\t\t\t\t<div class=\"elementor-element elementor-element-283f056 elementor-widget elementor-widget-text-editor\" data-id=\"283f056\" data-element_type=\"widget\" data-e-type=\"widget\" data-widget_type=\"text-editor.default\">\n\t\t\t\t<div class=\"elementor-widget-container\">\n\t\t\t\t\t\t\t\t\t<h4><span style=\"color: var( --e-global-color-text ); font-family: var( --e-global-typography-text-font-family ), Sans-serif; font-weight: var( --e-global-typography-text-font-weight ); text-align: var(--text-align);\">TragWerk Ingenieure D\u00f6king+Purtak GmbH<\/span><\/h4>\n<div>\n<p>Prellerstra\u00dfe 9<br \/>01309 Dresden<\/p>\n<p>Handelsregister: 37469<br \/>Registergericht: Amtsgericht Dresden<\/p>\n<p>Vertreten durch:<br \/>Dr.-Ing. Frank Purtak und Dipl.-Ing. Wolfgang D\u00f6king<\/p>\n<p>Kontakt<br \/>Telefon: 0351 4330850<br \/>Telefax: 0351 4330855<br \/>E-Mail: info(at)tragwerk-ingenieure.de<\/p>\n<p>Umsatzsteuer-ID<br \/>Umsatzsteuer-Identifikationsnummer gem\u00e4\u00df \u00a7 27 a Umsatzsteuergesetz:<br \/>DE 322230970<\/p>\n<\/div>\t\t\t\t\t\t\t\t<\/div>\n\t\t\t\t<\/div>\n\t\t\t\t\t<\/div>\n\t\t\t\t<\/div>\n\t\t<div class=\"elementor-element elementor-element-b2ddef3 e-flex e-con-boxed e-con e-parent\" data-id=\"b2ddef3\" data-element_type=\"container\" data-e-type=\"container\">\n\t\t\t\t\t<div class=\"e-con-inner\">\n\t\t\t\t<div class=\"elementor-element elementor-element-949c0e5 elementor-widget elementor-widget-text-editor\" data-id=\"949c0e5\" data-element_type=\"widget\" data-e-type=\"widget\" data-widget_type=\"text-editor.default\">\n\t\t\t\t<div class=\"elementor-widget-container\">\n\t\t\t\t\t\t\t\t\t<h2 class=\"wp-block-heading\" style=\"font-size: clamp(2.625rem, -1.41348rem + 8.4135vw, 3.25rem);\">Nutzungsrechte<\/h2>\n<p>Copyright \u00a9 by<br \/>Fraunhofer-Gesellschaft<\/p>\n<p>Alle Rechte vorbehalten.<br \/>Die Urheberrechte dieser Web-Site liegen vollst\u00e4ndig bei der Fraunhofer-Gesellschaft.<\/p>\n<p>Ein Download oder Ausdruck dieser Ver\u00f6ffentlichungen ist ausschlie\u00dflich f\u00fcr den pers\u00f6nlichen Gebrauch gestattet. Alle dar\u00fcber hinaus gehenden Verwendungen, insbesondere die kommerzielle Nutzung und Verbreitung, sind grunds\u00e4tzlich nicht gestattet und bed\u00fcrfen der schriftlichen Genehmigung.<\/p>\n<p>Anfragen richten Sie bitte an:<br \/>Fraunhofer-Institut f\u00fcr Fabrikbetrieb und -automatisierung<\/p>\n<p>Sandtorstra\u00dfe 22<br \/>39106 Magdeburg, Deutschland<\/p>\n<p>Ein Download oder Ausdruck ist dar\u00fcber hinaus lediglich zum Zweck der Berichterstattung \u00fcber die Fraunhofer-Gesellschaft und Ihre Institute nach Ma\u00dfgabe unten stehender Nutzungsbedingungen gestattet.<\/p>\n<p>Grafische Ver\u00e4nderungen an Bildmotiven &#8211; au\u00dfer zum Freistellen des Hauptmotivs &#8211; sind nicht gestattet. Es ist stets die Quellenangabe und \u00dcbersendung von zwei kostenlosen Belegexemplaren an die oben genannte Adresse erforderlich. Die Verwendung ist honorarfrei.<\/p>\t\t\t\t\t\t\t\t<\/div>\n\t\t\t\t<\/div>\n\t\t\t\t\t<\/div>\n\t\t\t\t<\/div>\n\t\t<div class=\"elementor-element elementor-element-327fe46 e-flex e-con-boxed e-con e-parent\" data-id=\"327fe46\" data-element_type=\"container\" data-e-type=\"container\">\n\t\t\t\t\t<div class=\"e-con-inner\">\n\t\t\t\t<div class=\"elementor-element elementor-element-d25a232 elementor-widget elementor-widget-text-editor\" data-id=\"d25a232\" data-element_type=\"widget\" data-e-type=\"widget\" data-widget_type=\"text-editor.default\">\n\t\t\t\t<div class=\"elementor-widget-container\">\n\t\t\t\t\t\t\t\t\t<h2 class=\"wp-block-heading\">Haftungshinweis<\/h2>\n<p><!-- \/wp:heading --><!-- wp:paragraph --><\/p>\n<p>Wir \u00fcbernehmen keine Haftung f\u00fcr die Inhalte externer Links. F\u00fcr den Inhalt der verlinkten Seiten sind ausschlie\u00dflich deren Betreiber verantwortlich.<\/p>\n<p><!-- \/wp:paragraph --><!-- wp:paragraph --><\/p>\n<p>Wir sind bem\u00fcht, das Webangebot stets aktuell und inhaltlich richtig sowie vollst\u00e4ndig anzubieten. Dennoch ist das Auftreten von Fehlern nicht v\u00f6llig auszuschlie\u00dfen. Das Fraunhofer-Institut bzw. die Fraunhofer-Gesellschaft \u00fcbernimmt keine Haftung f\u00fcr die Aktualit\u00e4t, die inhaltliche Richtigkeit sowie f\u00fcr die Vollst\u00e4ndigkeit der in ihrem Webangebot eingestellten Informationen. Dies bezieht sich auf eventuelle Sch\u00e4den materieller oder ideeller Art Dritter, die durch die Nutzung dieses Webangebotes verursacht wurden.<\/p>\n<p><!-- \/wp:paragraph --><!-- wp:paragraph --><\/p>\n<p>\u00a0<\/p>\n<p>Gesch\u00fctzte Marken und Namen, Bilder und Texte werden auf unseren Seiten in der Regel nicht als solche kenntlich gemacht. Das Fehlen einer solchen Kennzeichnung bedeutet jedoch nicht, dass es sich um einen freien Namen, ein freies Bild oder einen freien Text im Sinne des Markenzeichenrechts handelt.<\/p>\t\t\t\t\t\t\t\t<\/div>\n\t\t\t\t<\/div>\n\t\t\t\t\t<\/div>\n\t\t\t\t<\/div>\n\t\t\t\t<\/div>\n\t\t","protected":false},"excerpt":{"rendered":"<p>&lt; Zur\u00fcck Impressum Das Fraunhofer-Institut f\u00fcr Fabrikbetrieb und -automatisierung IFF Sandtorstra\u00dfe 2239106 Magdeburg, Deutschland ist eine rechtlich nicht selbstst\u00e4ndige Einrichtung der Fraunhofer-Gesellschaft\u00a0zur F\u00f6rderung der angewandten Forschung e.V.Hansastra\u00dfe 27c,\u00a080686 M\u00fcnchenTelefon +49 89 1205- 0Fax +49 89 1205-7531E-Mail: info(at)zv.fraunhofer.de www.fraunhofer.de Umsatzsteuer-Identifikationsnummer gem\u00e4\u00df \u00a7 27a Umsatzsteuergesetz DE 129515865 Registergericht Amtsgericht M\u00fcnchenEingetragener VereinRegister-Nr. VR 4461 Redaktionsverantwortlich im Sinne des [&hellip;]<\/p>\n","protected":false},"author":1,"featured_media":0,"parent":0,"menu_order":0,"comment_status":"closed","ping_status":"closed","template":"","meta":{"inline_featured_image":false,"footnotes":""},"class_list":["post-30","page","type-page","status-publish","hentry"],"_links":{"self":[{"href":"https:\/\/genai4ffd.de\/index.php?rest_route=\/wp\/v2\/pages\/30","targetHints":{"allow":["GET"]}}],"collection":[{"href":"https:\/\/genai4ffd.de\/index.php?rest_route=\/wp\/v2\/pages"}],"about":[{"href":"https:\/\/genai4ffd.de\/index.php?rest_route=\/wp\/v2\/types\/page"}],"author":[{"embeddable":true,"href":"https:\/\/genai4ffd.de\/index.php?rest_route=\/wp\/v2\/users\/1"}],"replies":[{"embeddable":true,"href":"https:\/\/genai4ffd.de\/index.php?rest_route=%2Fwp%2Fv2%2Fcomments&post=30"}],"version-history":[{"count":29,"href":"https:\/\/genai4ffd.de\/index.php?rest_route=\/wp\/v2\/pages\/30\/revisions"}],"predecessor-version":[{"id":373,"href":"https:\/\/genai4ffd.de\/index.php?rest_route=\/wp\/v2\/pages\/30\/revisions\/373"}],"wp:attachment":[{"href":"https:\/\/genai4ffd.de\/index.php?rest_route=%2Fwp%2Fv2%2Fmedia&parent=30"}],"curies":[{"name":"wp","href":"https:\/\/api.w.org\/{rel}","templated":true}]}}